{"id":341,"date":"2011-02-18T20:53:07","date_gmt":"2011-02-18T19:53:07","guid":{"rendered":"http:\/\/www.durch-die-welt.de\/?page_id=341"},"modified":"2012-04-27T12:25:28","modified_gmt":"2012-04-27T14:25:28","slug":"ecuador-peru-venezuela","status":"publish","type":"page","link":"https:\/\/www.durch-die-welt.de\/index.php\/der-weg\/ecuador-peru-venezuela\/","title":{"rendered":"Kolumbien, Venezuela, Mittelamerika"},"content":{"rendered":"<p>in Venezuela hat uns der Osch erz\u00e4hlt soll es sch\u00f6n sein, ansonsten geht unser Plan noch nicht so weit<br \/>\naber NOCH ist es ja auch noch lang hin<\/p>\n<p>Panama, Costa Rica, Nikaragua, Honduras, Guatemala<br \/>\nMittelamerika w\u00fcrd mich noch interessieren, hab da schon von einigen interessanten Touren gelesen \ud83d\ude09<br \/>\nallerdings f\u00fchrt von S\u00fcden noch keine Strasse hierher.<br \/>\nDer undurchdringliche Darien Gap liegt dazwischen &#8211; nur ca 100 km fehlen hier auf der Panamericana, aber die sind undurchdringlicher Dschungel.<br \/>\nDie zu \u00fcberqueren gibt es verschiedene M\u00f6glichkeiten: Boote werden haupts\u00e4chlich von Schmugglern benutzt, F\u00e4hre scheint es keine regelm\u00e4ssige zu geben und Luftfracht ist sicher ned g\u00fcnstig.<\/p>\n<p>seit 2011 verteuert sich der Transport nach Panama erheblich<br \/>\n<a href=\"http:\/\/www.horizonsunlimited.com\/hubb\/south-and-central-america-mexico\/crossing-darien-how-much-too-57126\">Hier <\/a>gibt es aktuelle Infos bei Horizons Unlimited<\/p>\n<p>ab Mai 2012 soll es eine regelm\u00e4ssige F\u00e4hrverbindung zwischen Panama und Kolumbien geben. Im<a href=\"http:\/\/www.reise-forum.weltreiseforum.de\/viewtopic.php?t=27495\" target=\"_blank\"> Reise Forum<\/a> mehr dazu<\/p>\n","protected":false},"excerpt":{"rendered":"<p>in Venezuela hat uns der Osch erz\u00e4hlt soll es sch\u00f6n sein, ansonsten geht unser Plan noch nicht so weit aber NOCH ist es ja auch noch lang hin Panama, Costa Rica, Nikaragua, Honduras, Guatemala Mittelamerika w\u00fcrd mich noch interessieren, hab da schon von einigen interessanten Touren gelesen \ud83d\ude09 allerdings f\u00fchrt von S\u00fcden noch keine Strasse <a href='https:\/\/www.durch-die-welt.de\/index.php\/der-weg\/ecuador-peru-venezuela\/' class='excerpt-more'>[&#8230;]<\/a><\/p>\n","protected":false},"author":2,"featured_media":0,"parent":132,"menu_order":4,"comment_status":"open","ping_status":"closed","template":"1r-sidebar.php","meta":{"footnotes":""},"class_list":["post-341","page","type-page","status-publish","hentry","post-seq-1","post-parity-odd","meta-position-corners","fix"],"_links":{"self":[{"href":"https:\/\/www.durch-die-welt.de\/index.php\/wp-json\/wp\/v2\/pages\/341","targetHints":{"allow":["GET"]}}],"collection":[{"href":"https:\/\/www.durch-die-welt.de\/index.php\/wp-json\/wp\/v2\/pages"}],"about":[{"href":"https:\/\/www.durch-die-welt.de\/index.php\/wp-json\/wp\/v2\/types\/page"}],"author":[{"embeddable":true,"href":"https:\/\/www.durch-die-welt.de\/index.php\/wp-json\/wp\/v2\/users\/2"}],"replies":[{"embeddable":true,"href":"https:\/\/www.durch-die-welt.de\/index.php\/wp-json\/wp\/v2\/comments?post=341"}],"version-history":[{"count":8,"href":"https:\/\/www.durch-die-welt.de\/index.php\/wp-json\/wp\/v2\/pages\/341\/revisions"}],"predecessor-version":[{"id":927,"href":"https:\/\/www.durch-die-welt.de\/index.php\/wp-json\/wp\/v2\/pages\/341\/revisions\/927"}],"up":[{"embeddable":true,"href":"https:\/\/www.durch-die-welt.de\/index.php\/wp-json\/wp\/v2\/pages\/132"}],"wp:attachment":[{"href":"https:\/\/www.durch-die-welt.de\/index.php\/wp-json\/wp\/v2\/media?parent=341"}],"curies":[{"name":"wp","href":"https:\/\/api.w.org\/{rel}","templated":true}]}}