{"id":2938,"date":"2012-09-13T15:53:12","date_gmt":"2012-09-13T13:53:12","guid":{"rendered":"http:\/\/www.durch-die-welt.de\/?page_id=2938"},"modified":"2013-10-02T13:17:45","modified_gmt":"2013-10-02T11:17:45","slug":"kolumbien","status":"publish","type":"page","link":"https:\/\/www.durch-die-welt.de\/index.php\/reisetipps-landesinfos\/kolumbien\/","title":{"rendered":"Kolumbien"},"content":{"rendered":"<p><span style=\"text-decoration: underline;\">Grenz\u00fcbergang Venezuela \/ Kolumbien<\/span><br \/>\n<strong>Maicao<\/strong> im Norden:<br \/>\nder Zoll hat Fr-So und an Feiertagen nur bis 16 Uhr ge\u00f6ffnet.<br \/>\nDie Formalit\u00e4ten sind langwiedrig und reichen von Fingerabdr\u00fccken \u00fcber Passkopien bis zu Abdr\u00fccken der Rahmennummern\u00a0 und Fotos der Kennzeichen.<\/p>\n<p><strong>H\u00e4ngematten<\/strong> gab es in Venezuela noch \u00fcberall am Stra\u00dfenrand, haben wir aber verpasst nach Preisen zu fragen. In der Provinz La Guajira in Kolumbien werden auch H\u00e4ngematten produziert. Die Preise reichen von 10-15\u20ac f\u00fcr schmale \u00fcber 20-30 \u20ac f\u00fcr die breiteren. (gibts auf ebay in D f\u00fcr denselben Preis!)\u00a0 Exklusive handgewobene H\u00e4ngematten der Wayuu gibt es von 100,- bis 1000,- \u20ac<\/p>\n<p>In <strong>Santa Marta<\/strong> haben wir keine g\u00fcnstigen Hostals gefunden, hat aber Infrastruktur.<br \/>\nIn Taganga k\u00f6nnen wir das Hostal da Felipe empfehlen und meinen Padi open water Tauchkurs habe ich bei Poseidon gemacht.<br \/>\n<strong>Taganga<\/strong> wird in allen Reisef\u00fchrern als Fischerdorf beschrieben, ist aber nurnoch eine dreckiges, abgefucktes ehemaliges Fischer, ehemaliges Hippie, ehemaliges Party, jetzt nurnoch verkommenes Touri Kaff mit verdrecktem Strand.<br \/>\nDie Preise der Tauchschulen sind auch lang nimmer so g\u00fcnstig wie \u00fcberall publiziert wird.\u00a0 Ich habe ca 300,- \u20ac \/ 670.000 BOP gezahlt. Andere Tauschschulen dort sind angeblich ca 50,-\u20ac g\u00fcnstiger.<\/p>\n<p>Empfehlen k\u00f6nnen wir in Taganga abgesehen davon das Hostal<a href=\"http:\/\/www.lacasadefelipe.co\/en\/\"> Casa de Felipe<\/a>, das Restaurant Babaganoush (bestes Essen das wir in Kolumbien hatten) und den Stra\u00dfen Grill zwischen Polizei und Internet Cafe auf der rechten Seite\u00a0 (super gemischter Grillteller f\u00fcr 9000)<\/p>\n<p>Anfahrtsbeschreibung zu unserem einsamen <strong>Karibik Strand<\/strong> bei Palomino gibts unterm <a title=\"Traumstrand\" href=\"http:\/\/wp.me\/p1mjJR-L8\">Artikel<\/a><\/p>\n<p>In <strong>Cartagena<\/strong> wissen wir von 3 motorradgeeigneten Unterk\u00fcnften in Getsemani.<br \/>\n<a href=\"http:\/\/www.hostelmamallenacartagena.com\/\">Hostal Mamallena<\/a>, <a href=\"http:\/\/www.medialunahostel.com\/\">Media Luna Hostal<\/a> direkt gegen\u00fcber und das <a href=\"http:\/\/amberhostelcartagena.blogspot.de\/\">Amber Hostal<\/a>. (ehemals San Blas Hostal, zwei Gassen hinter dahinter)<\/p>\n<p>bei <a href=\"http:\/\/www.holahostels.com\/\">Hola Hostals<\/a> kann man sich kostenlos registrieren und bekommt dann in jedem angeschlossenem Hotel in vielen L\u00e4ndern S\u00fcdamerikas 10% Rabatt<br \/>\nDie Hostals sind meist nicht die g\u00fcnstigsten aber oft auch ned die schlechtesten<br \/>\nDas Media Luna und das Casa Blanca in Cali geh\u00f6ren zB auch dazu.<\/p>\n<p>&nbsp;<\/p>\n","protected":false},"excerpt":{"rendered":"<p>Grenz\u00fcbergang Venezuela \/ Kolumbien Maicao im Norden: der Zoll hat Fr-So und an Feiertagen nur bis 16 Uhr ge\u00f6ffnet. Die Formalit\u00e4ten sind langwiedrig und reichen von Fingerabdr\u00fccken \u00fcber Passkopien bis zu Abdr\u00fccken der Rahmennummern\u00a0 und Fotos der Kennzeichen. H\u00e4ngematten gab es in Venezuela noch \u00fcberall am Stra\u00dfenrand, haben wir aber verpasst nach Preisen zu fragen. <a href='https:\/\/www.durch-die-welt.de\/index.php\/reisetipps-landesinfos\/kolumbien\/' class='excerpt-more'>[&#8230;]<\/a><\/p>\n","protected":false},"author":2,"featured_media":0,"parent":1929,"menu_order":5,"comment_status":"open","ping_status":"closed","template":"","meta":{"footnotes":""},"class_list":["post-2938","page","type-page","status-publish","hentry","post-seq-1","post-parity-odd","meta-position-corners","fix"],"_links":{"self":[{"href":"https:\/\/www.durch-die-welt.de\/index.php\/wp-json\/wp\/v2\/pages\/2938","targetHints":{"allow":["GET"]}}],"collection":[{"href":"https:\/\/www.durch-die-welt.de\/index.php\/wp-json\/wp\/v2\/pages"}],"about":[{"href":"https:\/\/www.durch-die-welt.de\/index.php\/wp-json\/wp\/v2\/types\/page"}],"author":[{"embeddable":true,"href":"https:\/\/www.durch-die-welt.de\/index.php\/wp-json\/wp\/v2\/users\/2"}],"replies":[{"embeddable":true,"href":"https:\/\/www.durch-die-welt.de\/index.php\/wp-json\/wp\/v2\/comments?post=2938"}],"version-history":[{"count":11,"href":"https:\/\/www.durch-die-welt.de\/index.php\/wp-json\/wp\/v2\/pages\/2938\/revisions"}],"predecessor-version":[{"id":2946,"href":"https:\/\/www.durch-die-welt.de\/index.php\/wp-json\/wp\/v2\/pages\/2938\/revisions\/2946"}],"up":[{"embeddable":true,"href":"https:\/\/www.durch-die-welt.de\/index.php\/wp-json\/wp\/v2\/pages\/1929"}],"wp:attachment":[{"href":"https:\/\/www.durch-die-welt.de\/index.php\/wp-json\/wp\/v2\/media?parent=2938"}],"curies":[{"name":"wp","href":"https:\/\/api.w.org\/{rel}","templated":true}]}}