{"id":153,"date":"2011-02-17T20:12:02","date_gmt":"2011-02-17T19:12:02","guid":{"rendered":"http:\/\/www.durch-die-welt.de\/?page_id=153"},"modified":"2021-07-19T12:12:24","modified_gmt":"2021-07-19T10:12:24","slug":"links","status":"publish","type":"page","link":"https:\/\/www.durch-die-welt.de\/index.php\/links\/","title":{"rendered":"Links"},"content":{"rendered":"<p><strong>S\u00fcdamerika Reiseseiten:<\/strong><\/p>\n<p>Simon und Panny reisen auf ihren Motorr\u00e4dern mit viel Zeit durch die ganze Welt. Auf <a href=\"http:\/\/www.krad-vagabunden.de\/\" target=\"_blank\" rel=\"noopener\">Krad Vagabunden<\/a> findet ihr \u00fcbersichtlich, viele Informationen auch zu S\u00fcdamerika.<\/p>\n<p>Gut gemachte, \u00fcbersichtliche Motorrad Reise Seite mit Informationen zu S\u00fcdamerika von <a href=\"http:\/\/www.frankyandrea.de\" target=\"_blank\" rel=\"noopener\">Franky und Andrea<\/a> die ein Jahr in Lateinamerika unterwegs waren.<\/p>\n<p>Mit dem Landrover durch S\u00fcdamerika, Mexiko Feuerland in 2 Jahren. Auf Gudrun Zimmermanns Seite <a href=\"http:\/\/www.pinguino-tour.de\" target=\"_blank\" rel=\"noopener\">Pinguino Tours<\/a> gibts nicht nur lesenswertes f\u00fcr 4&#215;4 Fahrer.<\/p>\n<p>&nbsp;<\/p>\n<p><strong>Reiseseiten von Freunden:<br \/>\n<\/strong><\/p>\n<p><strong>Moni und Christian<\/strong><br \/>\nFotos und Reiseberichten f\u00fcr Motorrad und LKW Fahrer. Mit einer Suzuki Dr650, einer KTM LC4 und einem Mercedes 911er Rundhauber bereisen die beiden mittlerweile mit ihren Ihren Kindern Ronja und Lotta die W\u00fcsten Marokkos und Tunesiens, Griechenland und die Ukraine bis zur Krim. <a href=\"http:\/\/www.saaks.de\/\">www.saaks.de<\/a><\/p>\n<p><strong>Andi und Isa<\/strong><br \/>\nVon der Schw\u00e4bischen Alb durch die Sahara bis nach Dakar und weiter nach Gambia fuhren die beiden als Teilnehmer der Schrottauto Rallye Dresden-Dakar-Banjul und spendeten Ihr Auto f\u00fcr wohlt\u00e4tige Einrichtungen.<br \/>\n<a href=\"http:\/\/www.great-dunes.de\/\">www.great-dunes.de<\/a><\/p>\n<p><strong>Peter<\/strong><br \/>\nUmbauten und Reisen mit seiner Africa Twin mit einigen Schraubertipps und Bildern aus Tunesien, Marokko, Mauretanien und dem Senegal<br \/>\n<a href=\"http:\/\/www.wuestentwin.de\/\">www.w\u00fcstentwin.de<\/a><\/p>\n<p><strong>Georg Winterberger<\/strong> war mit seiner Frau Aleksandra auf 2 DRs\u00a0 und Fahhr\u00e4dern 2 Jahre von <a href=\"http:\/\/www.winterberger-tours.ch\/verweise\/weltreise.html\" target=\"_blank\" rel=\"noopener\">Z\u00fcrich \u00fcber China bis Australien<\/a> unterwegs.<\/p>\n<hr \/>\n<p><strong>unser besonderer Dank f\u00fcr ihre Unterst\u00fctzung gilt:<\/strong><\/p>\n<p>Webhosting <a href=\"http:\/\/www.overcross.net\/\">overcross-network<\/a><\/p>\n<p>Expeditions und Camping Zelte <a href=\"http:\/\/www.wechsel-tents.de\/\">Wechsel <\/a><\/p>\n<p>Motorradzubeh\u00f6r und Gep\u00e4cksysteme <a href=\"http:\/\/www.sw-motech.de\/\">sw-motech<\/a><\/p>\n<p>optimus of sweden f\u00fcr den <a href=\"http:\/\/www.optimusstoves.com\/dede\/optimus-produkte\/produkte\/katadynshopconnect\/optimus-outdoor-kocher\/optimus-nova\/\" target=\"_blank\" rel=\"noopener\">Nova+ Kocher<\/a><\/p>\n<p><a href=\"http:\/\/www.nelles-verlag.de\/\" target=\"_blank\" rel=\"noopener\">\u00a0Nelles Verlag<\/a> Landkarten und Reisef\u00fchrer<\/p>\n<p><a href=\"http:\/\/www.reise-know-how.de\/\" target=\"_blank\" rel=\"noopener\">Reise Know How<\/a> f\u00fcr motorradfreundliche, wasserfeste und rei\u00dffeste Landkarten und Reisef\u00fchrer<br \/>\n<a href=\"http:\/\/www.wechsel-tents.de\/\" target=\"_blank\" rel=\"noopener\"><img loading=\"lazy\" decoding=\"async\" class=\"size-full wp-image-599 alignnone\" style=\"margin: 5px;\" title=\"wechsel_logo_150\" src=\"https:\/\/www.durch-die-welt.de\/wp-content\/uploads\/2011\/03\/wechsel_logo_150.jpg\" alt=\"\" width=\"50\" height=\"50\" \/><\/a><a href=\"http:\/\/www.nelles-verlag.de\/\" target=\"_blank\" rel=\"noopener\"><img loading=\"lazy\" decoding=\"async\" class=\"size-full wp-image-1251 alignnone\" style=\"margin: 5px;\" title=\"nelles_logo\" src=\"https:\/\/www.durch-die-welt.de\/wp-content\/uploads\/2011\/09\/nelles_logo.jpg\" alt=\"\" width=\"50\" height=\"50\" srcset=\"https:\/\/www.durch-die-welt.de\/wp-content\/uploads\/2011\/09\/nelles_logo.jpg 150w, https:\/\/www.durch-die-welt.de\/wp-content\/uploads\/2011\/09\/nelles_logo-96x96.jpg 96w, https:\/\/www.durch-die-welt.de\/wp-content\/uploads\/2011\/09\/nelles_logo-24x24.jpg 24w, https:\/\/www.durch-die-welt.de\/wp-content\/uploads\/2011\/09\/nelles_logo-36x36.jpg 36w, https:\/\/www.durch-die-welt.de\/wp-content\/uploads\/2011\/09\/nelles_logo-48x48.jpg 48w, https:\/\/www.durch-die-welt.de\/wp-content\/uploads\/2011\/09\/nelles_logo-64x64.jpg 64w\" sizes=\"auto, (max-width: 50px) 100vw, 50px\" \/><\/a><a href=\"http:\/\/www.optimusstoves.com\" target=\"_blank\" rel=\"noopener\"><img loading=\"lazy\" decoding=\"async\" class=\"size-full wp-image-1219 alignnone\" style=\"margin-top: 50px; margin-bottom: 50px;\" title=\"Optimus_Logo\" src=\"https:\/\/www.durch-die-welt.de\/wp-content\/uploads\/2011\/08\/Optimus_Logo.jpg\" alt=\"\" width=\"157\" height=\"26\" srcset=\"https:\/\/www.durch-die-welt.de\/wp-content\/uploads\/2011\/08\/Optimus_Logo.jpg 157w, https:\/\/www.durch-die-welt.de\/wp-content\/uploads\/2011\/08\/Optimus_Logo-150x26.jpg 150w\" sizes=\"auto, (max-width: 157px) 100vw, 157px\" \/><\/a><a href=\"http:\/\/www.sw-motech.de\/\" target=\"_blank\" rel=\"noopener\"><img loading=\"lazy\" decoding=\"async\" class=\"alignnone\" style=\"margin: 5px;\" title=\"sw-moto_t\" src=\"https:\/\/www.durch-die-welt.de\/wp-content\/uploads\/2011\/03\/sw-moto_t.gif\" alt=\"\" width=\"119\" height=\"119\" \/><\/a><a href=\"http:\/\/www.reise-know-how.de\/\" target=\"_blank\" rel=\"noopener\"><img loading=\"lazy\" decoding=\"async\" class=\"size-full wp-image-1396 alignnone\" style=\"margin: 5px;\" title=\"ReiseKnowHow\" src=\"https:\/\/www.durch-die-welt.de\/wp-content\/uploads\/2011\/09\/RKHLogojpg.jpg\" alt=\"\" width=\"54\" height=\"93\" \/><\/a><\/p>\n<hr \/>\n<p>&nbsp;<\/p>\n<p><strong>Motorradteile Tipps und Motorradzubeh\u00f6r:<\/strong><br \/>\ngebrauchte Motorradteile f\u00fcr japanische Enduros gibts bei Paul: enduroteile.com<br \/>\nSchraubertips und Zubeh\u00f6r f\u00fcr Suzuki und im speziellen f\u00fcr die DR Big, DR650\u00a0 und die DRZ\u00a0 400 gibts bei Stefan He\u00dfler <a href=\"http:\/\/www.hessler-motorsport.de\">hessler-motorsport.de <\/a><br \/>\nBernd Tesch plant f\u00fcr Ende des Jahres auch einen mehrmonatigen Aufenthalt in S\u00fcdamerika und sammelt auf seiner <a href=\"http:\/\/www.berndtesch.de\/English\/Continents\/SouthAmerica.html\" target=\"_blank\" rel=\"noopener\">Seite<\/a> Informationen f\u00fcr und \u00fcber Motorradreisende in S\u00fcdamerika.<br \/>\nAusserdem hat Bernd Tesch eine gro\u00dfe <a href=\"http:\/\/www.tukutuku.de\/\" target=\"_blank\" rel=\"noopener\">Datenbank <\/a>von ca. 1250 Motorrad-REISE-B\u00fcchern aufgebaut.<\/p>\n<hr \/>\n<p><strong>Reiseforen<\/strong><br \/>\nDeutschsprachiges Reiseforum f\u00fcr Motorradfahrer <a href=\"http:\/\/forum.motorradkarawane.de\/\">motorradkarawane.de<\/a><\/p>\n<table width=\"410\" border=\"0\" cellpadding=\"2\" cellspacing=\"0\" bgcolor=\"black\" style=\"font-family:Verdana, Arial, Helvetica, sans-serif;color: #FFFFFF\">\n<tr>\n<td><a href=\"http:\/\/www.HorizonsUnlimited.com\/\" title=\"THE Motorcycle Travel website for everything you need to go travelling.\" target=\"_blank\" rel=\"noopener\"><img decoding=\"async\" src=\"http:\/\/www.HorizonsUnlimited.com\/graphics\/HULogoBlackSmall_100.jpg\" alt=\"Motorradreiseseite\" border=\"0\" \/><\/a><\/td>\n<td>\n<p><a href=\"http:\/\/www.HorizonsUnlimited.com\/\" target=\"_blank\" rel=\"noopener\"><font color=\"white\"><b> Horizons Unlimited<\/b>, website about <strong>motorcycle travel<\/strong>.<\/font><\/a>  <a href=\"http:\/\/www.HorizonsUnlimited.com\/hubb\" target=\"_blank\" rel=\"noopener\"><strong><font color=\"white\">Motorrad Reise Forum<\/font><\/strong><\/a><\/p>\n<\/td>\n<\/tr>\n<\/table>\n<hr \/>\n<p><strong>Sonstige Seiten:<\/strong><br \/>\nArchitekturfotografie: <a href=\"http:\/\/tangential.de\/\">tangential<\/a><br \/>\nKino Gr\u00e4felfing: <a href=\"http:\/\/www.Filmeck.com\">Filmeck Gr\u00e4felfing<\/a><\/p>\n<hr \/>\n<p><strong>WordPress und Plugins:<br \/>\n<\/strong>WordPress Theme: <a href=\"http:\/\/www.aquoid.com\/news\/themes\/suffusion\/\">Suffusion<\/a><br \/>\nFree Icons\u00a0 Download: <a href=\"http:\/\/www.icondrawer.com\">icondrawer<\/a><\/p>\n<p>Blog Verzeichnisse:<br \/>\n<a title=\"BlogVerzeichnis\" href=\"http:\/\/www.blog-webkatalog.de\/\"><img decoding=\"async\" title=\"BlogVerzeichnis\" src=\"http:\/\/www.blog-webkatalog.de\/templates\/multilingual\/images\/publicicon.gif\" alt=\"BlogVerzeichnis\" border=\"0\" \/><\/a><\/p>\n<p>&nbsp;<\/p>\n","protected":false},"excerpt":{"rendered":"<p>S\u00fcdamerika Reiseseiten: Simon und Panny reisen auf ihren Motorr\u00e4dern mit viel Zeit durch die ganze Welt. Auf Krad Vagabunden findet ihr \u00fcbersichtlich, viele Informationen auch zu S\u00fcdamerika. Gut gemachte, \u00fcbersichtliche Motorrad Reise Seite mit Informationen zu S\u00fcdamerika von Franky und Andrea die ein Jahr in Lateinamerika unterwegs waren. Mit dem Landrover durch S\u00fcdamerika, Mexiko Feuerland <a href='https:\/\/www.durch-die-welt.de\/index.php\/links\/' class='excerpt-more'>[&#8230;]<\/a><\/p>\n","protected":false},"author":2,"featured_media":0,"parent":0,"menu_order":7,"comment_status":"closed","ping_status":"closed","template":"1l1r-sidebar.php","meta":{"footnotes":""},"class_list":["post-153","page","type-page","status-publish","hentry","post-seq-1","post-parity-odd","meta-position-corners","fix"],"_links":{"self":[{"href":"https:\/\/www.durch-die-welt.de\/index.php\/wp-json\/wp\/v2\/pages\/153","targetHints":{"allow":["GET"]}}],"collection":[{"href":"https:\/\/www.durch-die-welt.de\/index.php\/wp-json\/wp\/v2\/pages"}],"about":[{"href":"https:\/\/www.durch-die-welt.de\/index.php\/wp-json\/wp\/v2\/types\/page"}],"author":[{"embeddable":true,"href":"https:\/\/www.durch-die-welt.de\/index.php\/wp-json\/wp\/v2\/users\/2"}],"replies":[{"embeddable":true,"href":"https:\/\/www.durch-die-welt.de\/index.php\/wp-json\/wp\/v2\/comments?post=153"}],"version-history":[{"count":56,"href":"https:\/\/www.durch-die-welt.de\/index.php\/wp-json\/wp\/v2\/pages\/153\/revisions"}],"predecessor-version":[{"id":5494,"href":"https:\/\/www.durch-die-welt.de\/index.php\/wp-json\/wp\/v2\/pages\/153\/revisions\/5494"}],"wp:attachment":[{"href":"https:\/\/www.durch-die-welt.de\/index.php\/wp-json\/wp\/v2\/media?parent=153"}],"curies":[{"name":"wp","href":"https:\/\/api.w.org\/{rel}","templated":true}]}}