{"id":145,"date":"2011-02-17T19:41:29","date_gmt":"2011-02-17T18:41:29","guid":{"rendered":"http:\/\/www.durch-die-welt.de\/?page_id=145"},"modified":"2015-01-22T22:32:55","modified_gmt":"2015-01-22T21:32:55","slug":"wir","status":"publish","type":"page","link":"https:\/\/www.durch-die-welt.de\/index.php\/links\/wir\/","title":{"rendered":"\u00dcber uns"},"content":{"rendered":"<p>Suse wollte schon lange bevor wir uns kennenlernten eine Weltreise unternehmen und sie hatte sogar schon ein Start-Termin daf\u00fcr.<br \/>\nDie Idee gefiel mir und so beschlossen wir gemeinsam zu fahren. Ein Jahr auf Motorr\u00e4dern durch S\u00fcdamerika.<\/p>\n<p><a href=\"https:\/\/www.durch-die-welt.de\/?attachment_id=128\"><img loading=\"lazy\" decoding=\"async\" class=\"alignleft size-full wp-image-128\" title=\"Axel Viertlb\u00f6ck\" src=\"https:\/\/www.durch-die-welt.de\/wp-content\/uploads\/2011\/02\/Overcross-bild-axel-klein-weg.jpg\" alt=\"\" width=\"150\" height=\"150\" \/><\/a>Axel hat schon jahrelange Motorrad Reise Erfahrung.<br \/>\nZuerst nur kleinere Urlaube in Italien, dann einige Touren durch Tunesien und Marokko und 2008\/2009 eine 5 Wochen Tour von Dakar nach Deutschland.\u00a0 Zuerst auf einer ETZ250, sp\u00e4ter auf XT, Tenere, Transalp, XR und LC4 konnte ich einiges an Schrauber Erfahrung sammeln.<\/p>\n<p>Seit 5 Jahren arbeite ich bei einem <a title=\"motorradreisen\" href=\"http:\/\/www.overcross.de\" target=\"_blank\">Reiseveranstalter <\/a>in T\u00fcbingen und bin dort f\u00fcr den Bereich&#8220;Motorradreisen&#8220; zust\u00e4ndig.\u00a0 Zus\u00e4tzlich f\u00fchre ich auch hin und wieder eine Motorradreise als Guide durch und hatte so auch 2 mal die M\u00f6glichkeit durch Kirgistan zu fahren. Seitdem komme ich aber in meiner Freizeit kaum noch zum Motorradfahren. Das wird sich ja jetzt wieder \u00e4ndern.<\/p>\n<p>&nbsp;<\/p>\n<p><a href=\"https:\/\/www.durch-die-welt.de\/wp-content\/uploads\/2011\/02\/suse-Tunesien-klein.jpg\" rel=\"attachment wp-att-700\" data-lbwps-width=\"640\" data-lbwps-height=\"480\" data-lbwps-srcsmall=\"https:\/\/www.durch-die-welt.de\/wp-content\/uploads\/2011\/02\/suse-Tunesien-klein.jpg\"><img loading=\"lazy\" decoding=\"async\" class=\"alignleft size-thumbnail wp-image-700\" title=\"Susanne Schneider\" src=\"https:\/\/www.durch-die-welt.de\/wp-content\/uploads\/2011\/02\/suse-Tunesien-klein-150x150.jpg\" alt=\"\" width=\"150\" height=\"150\" \/><\/a>Suse hat zwar such schon ein paar Jahre ihren F\u00fchrerschein, hatte aber, als wir uns vor gut 3 Jahren kennen lernten, erst knapp 500 km auf Ihrem Motorrad zur\u00fcckgelegt. Seit damals hat sie jedes Jahr ihre gefahrenen Kilometer verdoppelt. Also bis letztes Jahr gefahren: 500+1000+2000+4000= 7500km. Durch unsere Reise kann sie das noch 2 Jahre lang weiter verdoppeln.<br \/>\nSchotter, Offroad und gr0\u00dfe H\u00f6hen bereiten ihr zwar noch Unbehagen, aber mit der Zeit wird das schon noch werden.<\/p>\n<p>Als Sindelfingerin &#8222;schafft&#8220; sie nat\u00fcrlich beim Daimler. Als Ingenieurin kann sie theoretisch alles konstruieren. Das Improvisieren und Reparieren \u00fcberl\u00e4sst sie dann aber doch lieber mir.<\/p>\n<p>&nbsp;<\/p>\n<p>Unsere Motorr\u00e4der:<\/p>\n<p>Suzuki DR650SE<\/p>\n<p><a href=\"https:\/\/www.durch-die-welt.de\/index.php\/links\/wir\/auswahl-uruguay-025\" rel=\"attachment wp-att-1532\"><img loading=\"lazy\" decoding=\"async\" class=\"alignnone  wp-image-1532\" title=\"bepackte Suzuki DR650 SE\" src=\"https:\/\/www.durch-die-welt.de\/wp-content\/uploads\/2011\/02\/Auswahl-Uruguay-025-300x225.jpg\" alt=\"Suses DR650\" width=\"280\" height=\"210\" srcset=\"https:\/\/www.durch-die-welt.de\/wp-content\/uploads\/2011\/02\/Auswahl-Uruguay-025-300x225.jpg 300w, https:\/\/www.durch-die-welt.de\/wp-content\/uploads\/2011\/02\/Auswahl-Uruguay-025.jpg 800w\" sizes=\"auto, (max-width: 280px) 100vw, 280px\" \/><\/a><a href=\"https:\/\/www.durch-die-welt.de\/index.php\/links\/wir\/auswahl-uruguay-024\" rel=\"attachment wp-att-1531\"><img loading=\"lazy\" decoding=\"async\" class=\" wp-image-1531 alignnone\" title=\"Suzuki DR650 SE\" src=\"https:\/\/www.durch-die-welt.de\/wp-content\/uploads\/2011\/02\/Auswahl-Uruguay-024-300x225.jpg\" alt=\"Reisefertig Beladene DR650\" width=\"280\" height=\"210\" srcset=\"https:\/\/www.durch-die-welt.de\/wp-content\/uploads\/2011\/02\/Auswahl-Uruguay-024-300x225.jpg 300w, https:\/\/www.durch-die-welt.de\/wp-content\/uploads\/2011\/02\/Auswahl-Uruguay-024.jpg 800w\" sizes=\"auto, (max-width: 280px) 100vw, 280px\" \/><\/a><\/p>\n<p>&nbsp;<\/p>\n<p>&nbsp;<\/p>\n<p>&nbsp;<\/p>\n<p>&nbsp;<\/p>\n<p>&nbsp;<\/p>\n<p>&nbsp;<\/p>\n","protected":false},"excerpt":{"rendered":"<p>Suse wollte schon lange bevor wir uns kennenlernten eine Weltreise unternehmen und sie hatte sogar schon ein Start-Termin daf\u00fcr. Die Idee gefiel mir und so beschlossen wir gemeinsam zu fahren. Ein Jahr auf Motorr\u00e4dern durch S\u00fcdamerika. Axel hat schon jahrelange Motorrad Reise Erfahrung. Zuerst nur kleinere Urlaube in Italien, dann einige Touren durch Tunesien und <a href='https:\/\/www.durch-die-welt.de\/index.php\/links\/wir\/' class='excerpt-more'>[&#8230;]<\/a><\/p>\n","protected":false},"author":2,"featured_media":0,"parent":153,"menu_order":1,"comment_status":"closed","ping_status":"closed","template":"","meta":{"footnotes":""},"class_list":["post-145","page","type-page","status-publish","hentry","post-seq-1","post-parity-odd","meta-position-corners","fix"],"_links":{"self":[{"href":"https:\/\/www.durch-die-welt.de\/index.php\/wp-json\/wp\/v2\/pages\/145","targetHints":{"allow":["GET"]}}],"collection":[{"href":"https:\/\/www.durch-die-welt.de\/index.php\/wp-json\/wp\/v2\/pages"}],"about":[{"href":"https:\/\/www.durch-die-welt.de\/index.php\/wp-json\/wp\/v2\/types\/page"}],"author":[{"embeddable":true,"href":"https:\/\/www.durch-die-welt.de\/index.php\/wp-json\/wp\/v2\/users\/2"}],"replies":[{"embeddable":true,"href":"https:\/\/www.durch-die-welt.de\/index.php\/wp-json\/wp\/v2\/comments?post=145"}],"version-history":[{"count":42,"href":"https:\/\/www.durch-die-welt.de\/index.php\/wp-json\/wp\/v2\/pages\/145\/revisions"}],"predecessor-version":[{"id":3375,"href":"https:\/\/www.durch-die-welt.de\/index.php\/wp-json\/wp\/v2\/pages\/145\/revisions\/3375"}],"up":[{"embeddable":true,"href":"https:\/\/www.durch-die-welt.de\/index.php\/wp-json\/wp\/v2\/pages\/153"}],"wp:attachment":[{"href":"https:\/\/www.durch-die-welt.de\/index.php\/wp-json\/wp\/v2\/media?parent=145"}],"curies":[{"name":"wp","href":"https:\/\/api.w.org\/{rel}","templated":true}]}}